/3?
2, 17
Let s(n) = -4*n**3 - 4*n**3 - 2*n**2 + 3 - 5*n**3 - 3*n. Let u be s(2). List the prime factors of 6/2*u/(-15).
23
Let a(l) = -l**3 + 2*l. Let i be a(-2). Suppose -3*s - 1 = -i*s. What are the prime factors of s*-3*(-46)/6?
23
Suppose 2*g = -149 + 523. List the prime factors of g.
11, 17
Suppose 14*c = 6045 + 15347. What are the prime factors of c?
2, 191
Let x(h) = -1 - 3*h + 3*h + 4*h. List the prime factors of x(5).
19
Suppose 5*m = 2*t + 92, -5*t = 2*m - 0*t - 31. Let w(x) = 55*x**3 - x**2 + 1. Let i be w(-1). Let a = m - i. List the prime factors of a.
73
Let h be (-24)/7*(-21)/2. Let q be h/(-6)*10/(-3). Suppose 4 = -b + q. What are the prime factors of b?
2
Suppose -v + 1 = -16. Let h = 20 - v. Suppose 0 = -t + h*t - 66. What are the prime factors of t?
3, 11
Suppose 2*t - 546 = i, -4*t - 2*i + 298 = -786. Let f = -14 + t. What are the prime factors of f?
2, 3, 43
Let g(i) be the second derivative of -7/6*i**3 + 1/2*i**2 - 1/12*i**4 + 0 + 2*i. What are the prime factors of g(-6)?
7
Suppose -37*g = -24933 - 69528. List the prime factors of g.
3, 23, 37
Suppose w + 30 = 6*w. Let x be w/(-9)*150/1. Let v = -68 - x. List the prime factors of v.
2
Suppose -5*u - 70 = j - 5, -u + 6 = 4*j. Let r = u + 10. What are the prime factors of 2/r + (-441)/(-14)?
31
Suppose -5 = -z - 4. Let u = 6 - z. Suppose d = -g + 17, -u*g - 4 = -d + 1. What are the prime factors of d?
3, 5
Suppose 0 = 7*b - 2*b - 35. Suppose -b*k - 5*k + 504 = 0. What are the prime factors of k?
2, 3, 7
Let w(l) = -l**3 + 18*l**2 + 19*l + 3. Let j be w(19). List the prime factors of ((-27)/6 + j)*-6.
3
Let d = 17 - -1. Suppose -c = -4*c - d. What are the prime factors of (-2)/(c/69*1)?
23
Let c = 3 - 7. Let a(i) = 5*i**2 + 3 - 3*i**3 + i**3 + 2*i**3 - 3*i + i**3. What are the prime factors of a(c)?
31
Let g(r) = 3*r**2 - 8*r + 8. What are the prime factors of g(-14)?
2, 3, 59
Let w(z) = -14*z + 32. List the prime factors of w(0).
2
Let n(g) be the first derivative of -g**5/30 - g**4/6 - 7*g**3/3 - 12. Let z(v) be the third derivative of n(v). List the prime factors of z(-10).
2, 3
Let d = 58 + -50. Suppose -3*y = r - d*y - 20, -3*y + 6 = 0. List the prime factors of r.
2, 3, 5
Suppose 5*d = 0, 3*y - d = -0*d + 1179. What are the prime factors of y?
3, 131
Let y(h) = 13*h**2 + 3*h + 2. Let l be y(-1). Let m = l - 16. List the prime factors of m + 5 + 60 + 3.
2
Let i be (18 - 0)*(-27)/(-9). Let q = -17 + i. List the prime factors of q.
37
Suppose 3*u = j - 171, 4*j - 3*u - 1107 + 378 = 0. List the prime factors of j.
2, 3, 31
Suppose -12*k = 5*k - 20332. List the prime factors of k.
2, 13, 23
Suppose -4*y = q - 23, 2*y - 5*q + 0 - 17 = 0. Suppose 3*g = -4*d - 31, -y*g - 25 = -g. Let x = 6 + d. What are the prime factors of x?
2
Let y(w) = w**2 + 21*w - 8. List the prime factors of y(-24).
2
Suppose -8*s = -29*s + 9555. What are the prime factors of s?
5, 7, 13
List the prime factors of 1 - (-1228 - (-8)/2).
5, 7
Let r(k) = 11*k - 20. Let c be r(8). Let z = c + -14. What are the prime factors of z?
2, 3
Suppose -r + j = -5, r + r + 4*j + 2 = 0. Let i = r + 21. What are the prime factors of ((-4)/(-6))/(4/i)?
2
Suppose -3*n - 471 = -x, -2*n = -x + 6*x - 2440. List the prime factors of x.
2, 3
What are the prime factors of ((-11464)/(-20))/(99/(-15) + 7)?
1433
Let x(f) = f**2 + 4*f - 10. Suppose -2*p = -27 + 21. Let j = -4 - p. List the prime factors of x(j).
11
Let p = -837 + 880. List the prime factors of p.
43
Let a(d) = -d - 2. Let i be a(-8). Let y = i - 7. Let u(f) = 35*f**2 + 1. List the prime factors of u(y).
2, 3
Let t = 27 + -26. List the prime factors of ((-44)/(-1) + t)/1.
3, 5
Suppose -25*m + 74040 + 9585 = 0. What are the prime factors of m?
3, 5, 223
Let c(y) = -y**2 + 6*y. Let a be c(3). Let z be a/((-1 - -4)/1). Suppose z*o - 8 = o. What are the prime factors of o?
2
Let f(t) = -333*t**3 + 2*t**2 + 2*t + 3. List the prime factors of f(-2).
2671
Let s(w) = -2*w - 17. Let z be s(-10). Suppose 2*m = 10, z*m + 168 = 2*j - m. List the prime factors of j.
2, 47
Let m(s) = -4*s + 49. List the prime factors of m(-11).
3, 31
Let x(l) = l**2 - 26*l + 1. Let b be x(-11). Suppose g = -2*g + b. List the prime factors of g.
2, 17
Suppose -5*p - 40 = -5*m, -4*m - 40 = -7*m - 5*p. What are the prime factors of (0 - (3 - 63))/(15/m)?
2, 5
Suppose -r + 3*q - 7*q - 10 = 0, 0 = 4*r - 4*q - 60. Suppose -15*y + 20 = -r*y. List the prime factors of y.
2
Let v(t) = -3*t**3 + t**2 + 2*t + 1. Let c(u) = u + 10. Let r be c(-11). Let f be v(r). Suppose 0 = -x - f*x + 96. What are the prime factors of x?
2, 3
Suppose 13 = 2*w - 3*b, -5*b - 13 = w - 0. Let q be w/(-14) + 4400/77. Suppose q = -2*v + 3*v. What are the prime factors of v?
3, 19
Let p = -208 - -438. Suppose 0 = 4*a + a - p. List the prime factors of a.
2, 23
Suppose 4 = 4*j - 3*j. What are the prime factors of (180/(7 - j))/1?
2, 3, 5
Suppose -793 + 4283 = 5*u. List the prime factors of u.
2, 349
Suppose 0*g - 4410 = -7*g. Suppose 126 = y + 2*t + 2*t, 2*t + g = 5*y. What are the prime factors of y?
2, 3, 7
What are the prime factors of (-2 + 12)*476/35?
2, 17
Let f = -707 - -1016. List the prime factors of f.
3, 103
What are the prime factors of 205 + (8 - 2) + -5?
2, 103
Let n be (3 - 5 - -21)*16. Suppose -3*l = -7*l + n. List the prime factors of l.
2, 19
Suppose 3 - 9 = -y. Suppose -x - 5 = 0, y*x - 3*x - 56 = -d. What are the prime factors of d?
71
Let i(b) = 3*b - 4. Let q be i(7). Let p = -13 + q. Suppose -2*v = 5*f + 2*v - 48, -p*f + v = -30. What are the prime factors of f?
2
Suppose 9*b - 4*b - 25 = -5*d, d = 4*b - 20. Suppose -4*u - 2*v = v + 95, -b*u - 75 = -5*v. Let g = u - -49. What are the prime factors of g?
29
Suppose 175168 = 141*c - 107*c. List the prime factors of c.
2, 7, 23
Let i = -210 - -577. List the prime factors of i.
367
Suppose 5*t + d + 55 = -0*d, 5*t + 65 = -3*d. Let a be t/(-30) + 268/6. List the prime factors of (-792)/a*(-10)/4.
2, 11
List the prime factors of (4 - -1437) + 5/(-5).
2, 3, 5
Let n(l) = 6*l + 2. Suppose 4*c + 3*k - 53 = 17, -2*k = 3*c - 53. List the prime factors of n(c).
2, 29
Let o = 13 - 20. Let u = o - -10. List the prime factors of -3 - -5 - (-28 - u).
3, 11
Let p(b) = 2*b - 16. Let d(a) = -a + 17. Let j(c) = 2*d(c) + 3*p(c). List the prime factors of j(11).
2, 3, 5
Let u = -13 + 28. Let y(i) = i**2 - 6*i - 14. What are the prime factors of y(u)?
11
What are the prime factors of ((-4)/5)/2 + (-24096)/(-40)?
2, 7, 43
Suppose 45 - 6 = 3*l. Suppose 4*j - 163 = l. What are the prime factors of j?
2, 11
Let c(x) = 12*x + 2. Let g(k) = 13*k + 2. Let l(q) = -5*c(q) + 4*g(q). Let n = -4 - -1. What are the prime factors of l(n)?
2, 11
Let o(i) = 60*i**3 + i**2 + i - 1. Let h(l) be the first derivative of l**2/2 - 2*l + 1. Let g be h(3). What are the prime factors of o(g)?
61
Suppose 0 = -9*h - 1972 - 476. Let q = 471 + h. List the prime factors of q.
199
Suppose -23*n + 42*n - 10108 = 0. List the prime factors of n.
2, 7, 19
Suppose -5*r + 3*r - 116 = -3*p, -5*p + 195 = -3*r. Suppose -n + 4 = 1. Suppose -z = -n*z + p. What are the prime factors of z?
3, 7
Let o(d) = -d**3 + 7*d**2 - 3*d - 3. Let c be o(7). Let j = -21 - c. Suppose 2*f - j = 4*b + 27, 5*b - 20 = 0. What are the prime factors of f?
23
Suppose 273 = k + 6*k. Let f = k + -21. What are the prime factors of f?
2, 3
Suppose a - 8 = -3*a. Let m(w) be the first derivative of 2*w**3/3 - 3*w**2/2 + 2*w - 9. What are the prime factors of m(a)?
2
Let m be 3 + 0 - (-74)/(-2). List the prime factors of m/17 + 24 + 0.
2, 11
Let d be 2 + (-3)/(-3) - -2. Suppose -d*v + 651 + 94 = 0. Suppose 0*p - 2*p = -10, 0 = -4*r - p + v. List the prime factors of r.
2, 3
Suppose -9*h - 84 = -6*h. Let w = h + 16. Let x = w - -44. List the prime factors of x.
2
Let j(s) = s**3 + 9*s**2 + 9*s - 4. Let d be j(-7). Let o = d - 18. What are the prime factors of o?
13
Let i be -4 + (-70)/(-15) + 26/6. List the prime factors of (i/((-20)/(-8)))/((-2)/(-11)).
11
Let i(u) = -33*u - 2. Suppose 6*t = -6 - 0. What are the prime factors of i(t)?
31
List the prime factors of (72/20 + -4)/((-2)/6310).
2, 631
Let m = 272 - 175. What are the prime factors of m?
97
Let q(w) be the third derivative of w**5/60 - 5*w**4/24 + w**3/3 - 8*w**2. Let k be q(5). Suppose 